nder when 6846/8 - ((-207)/36)/23 is divided by 26.
24
Suppose -180 = -o - 3*o. Suppose 4*j - 31 - o = 0. What is the remainder when 73 is divided by j?
16
Suppose -5*l = -0*l + 60. Let c = l - -16. Suppose 2*d - c*p - 30 = p, 2*d - 3*p = 26. Calculate the remainder when 17 is divided by d.
7
Suppose -12*t + 537 - 81 = 0. Calculate the remainder when (-2)/(-7) - 12408/(-84) is divided by t.
34
Let t(x) = 4*x**3 - 4*x**2 + 8*x - 14. What is the remainder when t(3) is divided by 4?
2
Suppose 4*u + d - 64 = -3*d, 3*u - 3*d - 66 = 0. Let z(a) = -50*a - 247. Calculate the remainder when z(-6) is divided by u.
15
Let n(d) = d**3 - 4*d**2 + 10*d - 9. Suppose 3*b = -2*p + 11 + 41, -2*b + 3*p + 13 = 0. What is the remainder when n(6) is divided by b?
11
What is the remainder when (6 + -1)*(-12456)/(-180) is divided by 10?
6
Suppose 3*r - 5*m = 228 - 30, 3*r = -3*m + 174. Calculate the remainder when 176 is divided by r.
54
Let p = 109 + -105. Suppose -p = s - 14. Calculate the remainder when s is divided by 9.
1
Let b(m) = 8*m**3 - 2*m**2 + 2*m - 1. Suppose 0 = 4*z - 8*z + 16. What is the remainder when b(1) is divided by z?
3
Suppose 0 = 5*a - 87 - 13. Suppose -a + 13 = -r. What is the remainder when 40 is divided by -1 + 2 + -1 + r?
5
Let w be 94/18 - (70/(-63))/(-5). Suppose m = -2*m + t + 74, -w*t = -20. Calculate the remainder when m is divided by 18.
8
Let m be 116/10 + (-6)/(-15). Suppose 3*k - 10 + 1 = 3*w, -3*w + 4*k - m = 0. Suppose v - 28 + 2 = w. Calculate the remainder when 77 is divided by v.
25
Suppose d - 4*k - 3 = -2, 3 = -3*k. What is the remainder when (-808)/(-16) + d/2 is divided by 13?
10
Let o = 12 + 13. Suppose -5*y + o = -10. Calculate the remainder when 9 is divided by y.
2
Let o be 1*4 - (-6 - -8). Let q(j) = 6 + j**o + 10*j**2 - 2*j**2 - j**3 + 2*j. Calculate the remainder when q(9) is divided by 13.
11
Suppose 0 = -4*k - 4*a + 84, 0 = -2*a - a. Suppose -k*h + 20 = -17*h. Calculate the remainder when h is divided by 3.
2
Let p = -501 - -576. What is the remainder when p is divided by 18?
3
Let r(u) = 19*u + 499. What is the remainder when r(-20) is divided by 10?
9
Let d(n) = -n**3 - 11*n**2 - n - 7. Suppose 0 = -3*a - 17 - 16. Let h(z) = -z**3 + 2*z**2 + z. Calculate the remainder when h(-2) is divided by d(a).
2
Suppose -538 = -26*f + 2452. Calculate the remainder when 804 is divided by f.
114
Suppose 0 = -3*m - 3, -71 - 304 = 4*j - 5*m. Let y = -70 - j. Calculate the remainder when 73 is divided by y.
23
Let w = -315 + 358. What is the remainder when 106 is divided by w?
20
Let n(r) = 4*r. Let u = -22 + 23. Let w be n(u). Suppose w*z - 16 = 32. What is the remainder when z is divided by 7?
5
Let h(i) = 30*i - 8. Let c be h(10). Suppose -4*d = -0*d - c. Calculate the remainder when d is divided by 19.
16
Let d = -37 + 36. Calculate the remainder when 43 is divided by ((-2)/(d - 1) - -7) + 1.
7
Suppose k - 3 = -2*k, 2*x = -3*k + 79. Suppose 0 - 39 = -3*t. What is the remainder when x is divided by t?
12
Let s = 20 + 54. What is the remainder when s is divided by 20?
14
Suppose -5*o = 5*z - 5, -3*z - 8 = -z. Suppose n + 24 = 2*f, f - n = n + 18. Let j = 2 + f. What is the remainder when j is divided by o?
2
Let w(s) = -s**2 + 60*s - 116. What is the remainder when w(41) is divided by 74?
71
Let m(n) = 10*n**2 + 11*n + 4. Let q be m(5). Let z = q + -190. Calculate the remainder when z is divided by 30.
29
Let f be (3*2)/(9 - 7). Let s be ((-4)/f)/(2/30). What is the remainder when 6 is divided by (s - -10)*(-4)/10?
2
Suppose -16*b - 3 + 35 = 0. Calculate the remainder when 42 is divided by b.
0
Let u(w) = -w**2 + 0*w**3 + 0 - 11 + 9*w - w**3. What is the remainder when 175 is divided by u(-5)?
43
Let x be 2/(-5)*570/(-6). Suppose 75 = 43*w - x*w. Suppose -6*c = -2*c - 160. What is the remainder when c is divided by w?
10
Suppose -29 = -d + 2*o, 3*d = -2*o + 65 - 18. What is the remainder when 43 is divided by d?
5
Let j(q) be the second derivative of q**3/2 + 28*q**2 - 29*q. What is the remainder when j(-7) is divided by 21?
14
Let y(k) = -9*k**3 - 2*k**2 + 3*k - 3. Let a be y(-3). Suppose -3*x - a = -6*x. Calculate the remainder when x is divided by 15.
11
Let q(y) = -7*y + 26. Calculate the remainder when 198 is divided by q(-6).
62
Suppose 42*w + 5*v - 80 = 37*w, 0 = 4*w - 3*v - 36. Calculate the remainder when 43 is divided by w.
7
Let x(j) = -2*j**2 - 10*j + 4. Let m be x(-5). Suppose 3*l = -r + 46, -3*l - m*r + 52 = -6. What is the remainder when (2/6)/((-1)/(-201)) is divided by l?
11
Let j be 17*8 - (-12 - -13). Suppose 0 = 2*g + g - j. What is the remainder when g is divided by 16?
13
Suppose 1104 = 5*v + 3*s - 843, 5*s - 1955 = -5*v. Calculate the remainder when v is divided by 78.
75
Let f(r) = -r**3 - 3*r**2 - r + 3. Suppose -4*m = -2*h - 16, m + 5*h - h = 22. Suppose 0 = m*i - i - 80. What is the remainder when i is divided by f(-3)?
4
Calculate the remainder when 91 is divided by ((63/6)/7)/(27/450).
16
Suppose -8*d - 2 = -9*d. Let c be (1/d)/((-8)/(-112)). Suppose -4*l + 4*p - p + c = 0, -3*l = -5*p - 8. What is the remainder when l is divided by 1?
0
Suppose -4*c - 4 = -2*y - 18, 0 = 3*y + 4*c - 29. Suppose -o - 99 = -4*o + 3*w, -o - y*w + 37 = 0. What is the remainder when o is divided by (-3)/4*2*-8?
10
Let d be -2 - -1 - (1 - 2). Suppose d*x = 5*x - 340. What is the remainder when x is divided by 18?
14
What is the remainder when (-3073)/(-21) - (-3)/(-9) is divided by 38?
32
Suppose 3*l - a - 5 = 0, 0 = -3*l + 3*a + 2 - 5. Calculate the remainder when 17 is divided by l.
2
Suppose -5*u - 7 = -r - 7*u, -2*r - 3*u + 12 = 0. Calculate the remainder when 930/20*4/r is divided by 16.
14
Suppose 11879*m = 11883*m - 36. Suppose 0*d = 3*d - 96. Calculate the remainder when d is divided by m.
5
Let d(k) = k**2 - 5*k + 11. Let g be 6/57 - 148/(-38). Suppose g*q = -9*n + 4*n + 51, 0 = -3*q + n + 24. Calculate the remainder when d(q) is divided by 17.
13
Let b = 16 - 12. Suppose 0 = -2*z + b*z - 26. What is the remainder when 24 is divided by z?
11
Let c(q) = -3*q + 3*q - 20*q**3 - 7*q**2 + 19*q**3 - 3*q - 8. Calculate the remainder when c(-8) is divided by 28.
24
Suppose -18*x + 30 = -17*x. Let p = 15 - -1. Calculate the remainder when x is divided by p.
14
Let s be 606/14 - (-22)/(-77). Suppose 5*h - 1 = y - 0*h, -h = -2*y + s. What is the remainder when y/(-32)*(-40 - 0) is divided by 11?
8
Let t be (-11 - -7) + 3/1. Let f be 3 - 1 - (0 + t). Suppose f*u - 265 = -2*u + 5*n, -3*n = 15. What is the remainder when u is divided by 25?
23
What is the remainder when 86 is divided by (-1272)/(-36) - (-3)/(-9)?
16
Let s be 44/20 + 3/(-15). Let u = 5 + s. Suppose -5*z + 11 = -3*f, 5*z - 13 - 7 = 0. Calculate the remainder when u is divided by f.
1
Let i(c) = c**3 + 7*c**2 - 4*c - 10. Suppose -4*l - 9 = 11. Let g be i(l). Suppose 5*o - g = -0*o. Calculate the remainder when 22 is divided by o.
10
Let k = 473 - 468. Calculate the remainder when 827 is divided by k.
2
Let k = 1135 - 1064. What is the remainder when k is divided by 10?
1
Let d = -28 - -32. Suppose 4*s + 8*n = 3*n + 45, n = -d*s + 25. What is the remainder when s is divided by 5?
0
Calculate the remainder when (-14)/(-4)*5*(-36)/(-21) is divided by 11.
8
Suppose 4*y + 0*y - 85 = -3*z, 5*z + 3*y - 127 = 0. Let s(h) be the second derivative of h**3/2 + 2*h**2 - h. What is the remainder when z is divided by s(3)?
10
Suppose 0 = -4*s + n + 48, 2*n - 25 = -s - n. Calculate the remainder when s is divided by 627/76 - (15/12)/5.
5
Let u(f) = 3*f**2 + 43*f - 70. What is the remainder when 77 is divided by u(-16)?
7
Suppose 2*q + 1 = 11, 0 = -3*y - q + 134. Calculate the remainder when 158 is divided by y.
29
Suppose 5*v = -y - 10, 0 = -3*y + v + v + 21. Let a = y + -2. What is the remainder when 69 is divided by (16 - 0) + -1 + a?
15
Suppose 2*p + 3 + 3 = 4*z, -4*z = p - 9. Let i be 2/z*(1 + 58). Suppose -83 = -2*b + i. Calculate the remainder when b is divided by 18.
17
Let l = 85 + -60. Suppose -3*i + 43 = 2*z + 2*i, l = 5*i. Let h = z + 1. What is the remainder when 18 is divided by h?
8
Let r(c) = -4*c - 87. Let a(n) = -6*n - 88. Let g(p) = -4*a(p) + 5*r(p). What is the remainder when 35 is divided by g(24)?
9
What is the remainder when 697 is divided by 8/3*(6